{"id":1093,"date":"2021-10-08T14:29:55","date_gmt":"2021-10-08T12:29:55","guid":{"rendered":"https:\/\/giellavahkku.org\/?page_id=1093"},"modified":"2021-10-08T14:29:57","modified_gmt":"2021-10-08T12:29:57","slug":"man-avteste-gielevahkoe-vihkele","status":"publish","type":"page","link":"https:\/\/giellavahkku.org\/sma\/man-avteste-gielevahkoe-vihkele\/","title":{"rendered":"Man \u00e5vteste G\u00efelev\u00e5hkoe vihkele?"},"content":{"rendered":"\n<p class=\"has-sizing-medium\">Jalhts leah vaahresne n\u00e5hkedidh, saemien g\u00efelh j\u00e5erhkieh kreeptjedidh. Nov lea h\u00e5hkoe. Akte sj\u00efdtije voerkesvoete saemiej luvnie g\u00efelen j\u00efh g\u00efeleveeljemen b\u00efjre, j\u00efh ahkedh jienebh veeljieh meatan \u00e5rrodh kuvsjine juktie g\u00efelem b\u00e5\u00e5stede vaeltedh maam aarebi boelvh leah dasseme. Dajvine gusnie saemien ij leah \u00e5tnosne orreme akte jallh g\u00f6\u00f6kte boelvh, noere geerve almetjh daelie g\u00efelem b\u00e5\u00e5stede vaeltieh j\u00efh v\u00e5\u00e5regelaakan pry\u00f6voeh dam guhkiebasse vedtedh sijjen maanide. Orre boelve saamastallije maanajgujmie sj\u00efdtedeminie.<\/p>\n\n\n\n<p class=\"has-sizing-medium\">Dovne Saepmien n\u00f6\u00f6rjen, sveerjen j\u00efh soemen bielesne d\u00e5\u00e5jrebe stoerreseabradahke eantan stuerebe \u00efedtjem j\u00efh eadtjohkevoetem saemien g\u00efelijste vuesehte, j\u00efh saemieh gaajhkine laantine stuerebe j\u00e5\u00e5hkesjimmiem sijjen kultuvrese j\u00efh sijjen g\u00efelide d\u00e5\u00e5jroeh. \u00cfedtje saemien siebriedahkese lea stoerre, j\u00efh t\u00efjje ektie aktivy\u00f6ki g\u00efelebarkoen \u00e5vteste ij lij maahteme buerebe \u00e5rrodh.<\/p>\n\n\n\n<div class=\"wp-block-columns has-ice-grey-background-color has-background is-layout-flex wp-container-core-columns-is-layout-28f84493 wp-block-columns-is-layout-flex\">\n<div class=\"wp-block-column is-layout-flow wp-block-column-is-layout-flow\">\n<h2 class=\"wp-block-heading\"><strong>Guktie maahtah meatan sj\u00efdtedh?<\/strong><\/h2>\n\n\n\n<p class=\"has-sizing-medium\">Mijjieh datnem haestebe programmem vuartasjidh, j\u00efh \u00f6\u00f6rnemh dov l\u00efhke gaavnedh. Gaskesadth maaje dov l\u00efhkemes g\u00efelejarngem juktie darjomh j\u00efh \u00f6\u00f6rnemh gaavnedh don v\u00e5hkoen. G\u00efelev\u00e5hkoen lea j\u00efjtse facebook-s\u00e6jroe \u00abGiellavahkku\/ G\u00efelev\u00e5hkoe\/ Giellavahkko\/ Samisk spr\u00e5kuke\u00bb, j\u00efh mijjieh datnem haestebe meatan fulkedh desnie juktie saernieh j\u00efh orrestehtemh vuejnedh b\u00efjre jarkan Saepmesne. Mijjen aaj instagram-konto \u00abgiellavahku\u00bb, j\u00efh daesnie s\u00efjhth filmh, guvvieh j\u00efh orrestehtemh abpe v\u00e5hkoen gaavnedh.<br>Mijjieh gegkiestibie datne meatan sj\u00efdth gaajhkine gieltegs heannadimmine, mejtie leah meatan fysiske jallh digitaale \u00f6\u00f6rneminie. Nuhtjh saemien sosijaale medijinie abpe v\u00e5hkoen, \u00e5rroeh meatan mijjen tjaebpies, saemien g\u00efelh v\u00e5ajnoes darjodh.<\/p>\n\n\n\n<p class=\"has-sizing-medium\"><a href=\"#\">Seedth dov \u00f6\u00f6rnemem diekie<\/a><\/p>\n<\/div>\n\n\n\n<div class=\"wp-block-column is-layout-flow wp-block-column-is-layout-flow\">\n<figure class=\"wp-block-image size-full is-resized\"><img loading=\"lazy\" decoding=\"async\" src=\"https:\/\/giellavahkku.org\/wp-content\/uploads\/2021\/08\/arrangement-bilde.jpg\" alt=\"\" class=\"wp-image-88\" width=\"483\" height=\"230\"\/><\/figure>\n<\/div>\n<\/div>\n","protected":false},"excerpt":{"rendered":"<p>Jalhts leah vaahresne n\u00e5hkedidh, saemien g\u00efelh j\u00e5erhkieh kreeptjedidh. Nov lea h\u00e5hkoe. Akte sj\u00efdtije voerkesvoete saemiej luvnie g\u00efelen j\u00efh g\u00efeleveeljemen b\u00efjre, j\u00efh ahkedh jienebh veeljieh meatan \u00e5rrodh kuvsjine juktie g\u00efelem b\u00e5\u00e5stede vaeltedh maam aarebi boelvh leah dasseme. Dajvine gusnie saemien ij leah \u00e5tnosne orreme akte jallh g\u00f6\u00f6kte boelvh, noere geerve almetjh daelie g\u00efelem b\u00e5\u00e5stede vaeltieh j\u00efh [&hellip;]<\/p>\n","protected":false},"author":1,"featured_media":0,"parent":0,"menu_order":0,"comment_status":"closed","ping_status":"closed","template":"","meta":{"_acf_changed":false,"footnotes":""},"class_list":["post-1093","page","type-page","status-publish","hentry"],"acf":[],"_links":{"self":[{"href":"https:\/\/giellavahkku.org\/sma\/wp-json\/wp\/v2\/pages\/1093","targetHints":{"allow":["GET"]}}],"collection":[{"href":"https:\/\/giellavahkku.org\/sma\/wp-json\/wp\/v2\/pages"}],"about":[{"href":"https:\/\/giellavahkku.org\/sma\/wp-json\/wp\/v2\/types\/page"}],"author":[{"embeddable":true,"href":"https:\/\/giellavahkku.org\/sma\/wp-json\/wp\/v2\/users\/1"}],"replies":[{"embeddable":true,"href":"https:\/\/giellavahkku.org\/sma\/wp-json\/wp\/v2\/comments?post=1093"}],"version-history":[{"count":1,"href":"https:\/\/giellavahkku.org\/sma\/wp-json\/wp\/v2\/pages\/1093\/revisions"}],"predecessor-version":[{"id":1108,"href":"https:\/\/giellavahkku.org\/sma\/wp-json\/wp\/v2\/pages\/1093\/revisions\/1108"}],"wp:attachment":[{"href":"https:\/\/giellavahkku.org\/sma\/wp-json\/wp\/v2\/media?parent=1093"}],"curies":[{"name":"wp","href":"https:\/\/api.w.org\/{rel}","templated":true}]}}