{"id":1094,"date":"2021-10-08T14:28:27","date_gmt":"2021-10-08T12:28:27","guid":{"rendered":"https:\/\/giellavahkku.org\/?page_id=1094"},"modified":"2021-10-08T14:28:30","modified_gmt":"2021-10-08T12:28:30","slug":"manne-lea-giellavahkku-deatalas","status":"publish","type":"page","link":"https:\/\/giellavahkku.org\/sme\/manne-lea-giellavahkku-deatalas\/","title":{"rendered":"Manne lea Giellavahkku dea\u0167ala\u0161?"},"content":{"rendered":"\n<p class=\"has-sizing-medium\">Vaikko leat \u00e1itojuvvon j\u00e1vkamis, de s\u00e1megielat ain bissot. Doaivva lea. S\u00e1miid gaskkas lea dihtomielala\u0161vuohta giela ja giellav\u00e1lljema ektui, ja eanet ja eanet olbmot v\u00e1lljejit searvat kurssaide oa\u017e\u017eun dihtii giela ruovttoluotta maid min m\u00e1ttut leat mass\u00e1n. Guovlluin gos s\u00e1megiella ii leat geavahuvvon sohkabuolvva dahje guovtti \u00e1iggi, de v\u00e1ldet d\u00e1l nuorra r\u00e1visolbmot s\u00e1megiela ruovttoluotta ja geah\u010d\u010dalit v\u00e1rrugasat addit dan viid\u00e1seappot m\u00e1n\u00e1idasaset. O\u0111\u0111a s\u00e1megielat sohkabuolva s\u00e1megielat m\u00e1n\u00e1iguin baj\u00e1s\u0161add\u00e1 d\u00e1l.<\/p>\n\n\n\n<p class=\"has-sizing-medium\">Mii oaidnit ahte stuoraservodat sihke Norggas, Suomas ja Ruo\u0167as \u010d\u00e1jehit stuorit bero\u0161tumi ja \u00e1\u014bgiru\u0161\u0161ama s\u00e1megielaide, ja s\u00e1pmela\u010d\u010dat d\u00e1in riikkain dovdet ahte sin kultuvra ja giella lea buoret muddui dohkkehuvvon. Bero\u0161tupmi s\u00e1mi servodahkii lea stuoris, ja \u00e1igi goas veahkk\u00e1laga dahkat giella\u00e1\u014bgiru\u0161\u0161ama, ii s\u00e1ht\u00e1\u0161ii leat buoret.<\/p>\n\n\n\n<div class=\"wp-block-columns has-ice-grey-background-color has-background is-layout-flex wp-container-core-columns-is-layout-28f84493 wp-block-columns-is-layout-flex\">\n<div class=\"wp-block-column is-layout-flow wp-block-column-is-layout-flow\">\n<h2 class=\"wp-block-heading\"><strong>Mot s\u00e1ht\u00e1\u0161it searvat?<\/strong><\/h2>\n\n\n\n<p class=\"has-sizing-medium\">Mii \u00e1v\u017e\u017euhit geah\u010d\u010dat progr\u00e1mmas g\u00e1vdnan dihte l\u00e1gidemiid du lahkosis. V\u00e1ldde \u00e1innas oktavuo\u0111a ie\u017eat guovllu giellaguovdd\u00e1\u017eiin ja jeara sis veahki g\u00e1vdnat l\u00e1gidemiid mat leat giellavahku. Mii \u00e1v\u017e\u017euhit maiddai \u010duovvut giellavahku Facebook-siiddu \u201dGiellavahkku\/ G\u00efelev\u00e5hkoe\/ Giellavahkko\/ Samisk spr\u00e5kuke\u201d, doppe oainn\u00e1t olles S\u00e1mi o\u0111\u0111asiid. Giellavahkus lea maiddai ie\u017eas Instagrama \u201dgiellavahkku\u201d gosa almmuhuvvojit filmmat, govat ja o\u0111\u0111asat olles vahku.<\/p>\n\n\n\n<p class=\"has-sizing-medium\">Mii s\u00e1vvat ahte searvvat Giellavahku gelddola\u0161 d\u00e1hp\u00e1husaide, lea\u010d\u010da d\u00e1l fysala\u0161 dahje digit\u00e1la l\u00e1gideamit. \u010c\u00e1le s\u00e1megillii sosi\u00e1la mediain olles vahku, \u010dalmmustahte min \u010d\u00e1ppa gollegielaid don maid.<\/p>\n\n\n\n<p class=\"has-sizing-medium\"><a href=\"#\">Bija ie\u017eat l\u00e1gideami deike<\/a><\/p>\n<\/div>\n\n\n\n<div class=\"wp-block-column is-layout-flow wp-block-column-is-layout-flow\">\n<figure class=\"wp-block-image size-full is-resized\"><img loading=\"lazy\" decoding=\"async\" src=\"https:\/\/giellavahkku.org\/wp-content\/uploads\/2021\/08\/arrangement-bilde.jpg\" alt=\"\" class=\"wp-image-88\" width=\"483\" height=\"230\"\/><\/figure>\n<\/div>\n<\/div>\n\n\n\n<h2 class=\"wp-block-heading\"><strong><strong>Digit\u00e1la reaidok\u00e1ssa \u2013 Vie\u010d\u010da!<\/strong><\/strong><\/h2>\n\n\n\n<p class=\"has-sizing-medium\">Vie\u010d\u010da ja geavat du l\u00e1gideami m\u00e1rkanfievrrideamis!<\/p>\n\n\n\n<ul class=\"wp-block-list\"><li><a href=\"https:\/\/giellavahkku.org\/wp-content\/uploads\/2021\/10\/g21-poster-giellavahkku-final.pdf\">Plak\u00e1hta A3<\/a><\/li><li><a href=\"https:\/\/giellavahkku.org\/wp-content\/uploads\/2021\/10\/g21-deldesignmanual-giellavahku.pdf\">Designfiila<\/a><\/li><li><a href=\"https:\/\/giellavahkku.org\/wp-content\/uploads\/2021\/10\/G21_FB-Omslagsbild-Cover_820x310px.png\">Facebook-header<\/a><\/li><li><a href=\"https:\/\/giellavahkku.org\/wp-content\/uploads\/2021\/10\/g21-fb-evenemangsbild-1920x1080px.png\">Facebook-l\u00e1gideapmi<\/a><\/li><li><a href=\"https:\/\/giellavahkku.org\/wp-content\/uploads\/2021\/10\/logo.png\">Logotyp<\/a><\/li><li><a href=\"https:\/\/giellavahkku.org\/wp-content\/uploads\/2021\/10\/G21_Snapchatfilter_1080x2340.png\">Snapchat-filter<\/a><\/li><\/ul>\n\n\n\n<p class=\"has-sizing-medium\">Buot fiillat s\u00e1httet geavahuvvot friija S\u00e1mi giellavahku \u010da\u0111aheami oktavuo\u0111as.<\/p>\n","protected":false},"excerpt":{"rendered":"<p>Vaikko leat \u00e1itojuvvon j\u00e1vkamis, de s\u00e1megielat ain bissot. Doaivva lea. S\u00e1miid gaskkas lea dihtomielala\u0161vuohta giela ja giellav\u00e1lljema ektui, ja eanet ja eanet olbmot v\u00e1lljejit searvat kurssaide oa\u017e\u017eun dihtii giela ruovttoluotta maid min m\u00e1ttut leat mass\u00e1n. Guovlluin gos s\u00e1megiella ii leat geavahuvvon sohkabuolvva dahje guovtti \u00e1iggi, de v\u00e1ldet d\u00e1l nuorra r\u00e1visolbmot s\u00e1megiela ruovttoluotta ja geah\u010d\u010dalit v\u00e1rrugasat [&hellip;]<\/p>\n","protected":false},"author":1,"featured_media":0,"parent":0,"menu_order":0,"comment_status":"closed","ping_status":"closed","template":"","meta":{"_acf_changed":false,"footnotes":""},"class_list":["post-1094","page","type-page","status-publish","hentry"],"acf":[],"_links":{"self":[{"href":"https:\/\/giellavahkku.org\/sme\/wp-json\/wp\/v2\/pages\/1094","targetHints":{"allow":["GET"]}}],"collection":[{"href":"https:\/\/giellavahkku.org\/sme\/wp-json\/wp\/v2\/pages"}],"about":[{"href":"https:\/\/giellavahkku.org\/sme\/wp-json\/wp\/v2\/types\/page"}],"author":[{"embeddable":true,"href":"https:\/\/giellavahkku.org\/sme\/wp-json\/wp\/v2\/users\/1"}],"replies":[{"embeddable":true,"href":"https:\/\/giellavahkku.org\/sme\/wp-json\/wp\/v2\/comments?post=1094"}],"version-history":[{"count":1,"href":"https:\/\/giellavahkku.org\/sme\/wp-json\/wp\/v2\/pages\/1094\/revisions"}],"predecessor-version":[{"id":1105,"href":"https:\/\/giellavahkku.org\/sme\/wp-json\/wp\/v2\/pages\/1094\/revisions\/1105"}],"wp:attachment":[{"href":"https:\/\/giellavahkku.org\/sme\/wp-json\/wp\/v2\/media?parent=1094"}],"curies":[{"name":"wp","href":"https:\/\/api.w.org\/{rel}","templated":true}]}}