{"id":8828,"date":"2025-08-01T11:28:11","date_gmt":"2025-08-01T09:28:11","guid":{"rendered":"https:\/\/giellavahkku.org\/om-uken\/sprakverktoy\/"},"modified":"2025-10-10T10:27:37","modified_gmt":"2025-10-10T08:27:37","slug":"sprakverktoy","status":"publish","type":"page","link":"https:\/\/giellavahkku.org\/sme\/9821-2\/sprakverktoy\/","title":{"rendered":"Giellareaiddut"},"content":{"rendered":"\n<p class=\"has-sizing-medium\">G\u00e1vdnojit m\u00e1\u014bga digit\u00e1la giellareaiddu dego st\u00e1venreaidu sihke Windowsii ja Macii, boallobeavdi mobiilii mas lea st\u00e1venreaidu sihke Androidii ja iOS:ii (iPhone ja iPad), s\u00e1tnegirjjit ja olu ear\u00e1. Fina\u00a0<a href=\"http:\/\/divvun.no\/no\/\">Divvun- siiddus<\/a>\u00a0geah\u010d\u010damin mii g\u00e1vdno s\u00e1megiela giellateknologiijas.<\/p>\n\n\n\n<div class=\"wp-block-group is-layout-constrained wp-container-core-group-is-layout-9e49823d wp-block-group-is-layout-constrained\" style=\"margin-top:var(--wp--preset--spacing--150);margin-bottom:var(--wp--preset--spacing--64)\">\n<h2 class=\"wp-block-heading has-text-align-center has-custom-1-font-size\" style=\"text-transform:uppercase\">Apper<\/h2>\n<\/div>\n\n\n\n<div class=\"wp-block-columns alignwide is-layout-flex wp-container-core-columns-is-layout-0a32c70f wp-block-columns-is-layout-flex\">\n<div class=\"wp-block-column has-honey-background-color has-background is-layout-flow wp-block-column-is-layout-flow\" style=\"padding-top:var(--wp--preset--spacing--32);padding-right:var(--wp--preset--spacing--32);padding-bottom:var(--wp--preset--spacing--32);padding-left:var(--wp--preset--spacing--32)\">\n<figure class=\"wp-block-image size-full is-resized\"><img loading=\"lazy\" decoding=\"async\" width=\"503\" height=\"281\" src=\"https:\/\/giellavahkku.org\/wp-content\/uploads\/2021\/10\/bago.png\" alt=\"10\/20 Bago skjermbilde\" class=\"wp-image-988\" style=\"width:auto;height:190px\" srcset=\"https:\/\/giellavahkku.org\/wp-content\/uploads\/2021\/10\/bago.png 503w, https:\/\/giellavahkku.org\/wp-content\/uploads\/2021\/10\/bago-300x168.png 300w\" sizes=\"auto, (max-width: 503px) 100vw, 503px\" \/><\/figure>\n\n\n\n<h2 class=\"wp-block-heading\">10\/20 b\u00e1go &#8211; oaidnit, gullat ja lohkat s\u00e1megiela<\/h2>\n\n\n\n<p class=\"has-sizing-medium\">Giellavahku oktavuo\u0111as lea Norgga beale S\u00e1mediggi buvttadan\u00a0<strong>10\/20 b\u00e1go<\/strong>\u00a0nammasa\u0161 \u00e1ppa maid s\u00e1htt\u00e1 vie\u017e\u017eat Android dahje iOS telefovdnii. <\/p>\n\n\n\n<p class=\"has-sizing-medium\">\u00c1ppas beasat oaidnit, gullat ja lohkat 10\/20 s\u00e1ni sihke davvi-, julev- ja lullis\u00e1megillii. \u00c1ppa s\u00e1htt\u00e1 geavahit skuvllain ja m\u00e1n\u00e1idg\u00e1rddiin, muhto die\u0111usge maiddai priv\u00e1htta eallimis.<\/p>\n\n\n\n<h3 class=\"wp-block-heading\">Guokte plak\u00e1hta<\/h3>\n\n\n\n<p class=\"has-sizing-medium\">\u00c1ppii lea S\u00e1mediggi Norgga beale maiddai r\u00e1hkadan guokte plak\u00e1hta, okta mas leat\u00a0<a href=\"https:\/\/giellavahkku-backup.gnist.dev\/wp-content\/uploads\/2021\/08\/10-sani_Plakat-70x100_bhg_korr3.pdf\">10 s\u00e1ni\u00a0<\/a>davvi-, julev- ja lullis\u00e1megillii ja okta mas leat\u00a0<a href=\"https:\/\/giellavahkku-backup.gnist.dev\/wp-content\/uploads\/2021\/08\/20-sani-plakahta.pdf\">20 s\u00e1ni<\/a>. <\/p>\n<\/div>\n\n\n\n<div class=\"wp-block-column has-honey-background-color has-background is-layout-flow wp-block-column-is-layout-flow\" style=\"padding-top:var(--wp--preset--spacing--32);padding-right:var(--wp--preset--spacing--32);padding-bottom:var(--wp--preset--spacing--32);padding-left:var(--wp--preset--spacing--32)\">\n<figure class=\"wp-block-image size-large is-resized\"><img loading=\"lazy\" decoding=\"async\" width=\"1024\" height=\"670\" src=\"https:\/\/giellavahkku.org\/wp-content\/uploads\/2023\/10\/lommeparlor-nedlasting-1-1024x670.jpg\" alt=\"\" class=\"wp-image-5139\" style=\"object-fit:cover;width:288px;height:190px\" srcset=\"https:\/\/giellavahkku.org\/wp-content\/uploads\/2023\/10\/lommeparlor-nedlasting-1-1024x670.jpg 1024w, https:\/\/giellavahkku.org\/wp-content\/uploads\/2023\/10\/lommeparlor-nedlasting-1-300x196.jpg 300w, https:\/\/giellavahkku.org\/wp-content\/uploads\/2023\/10\/lommeparlor-nedlasting-1-768x503.jpg 768w, https:\/\/giellavahkku.org\/wp-content\/uploads\/2023\/10\/lommeparlor-nedlasting-1.jpg 1276w\" sizes=\"auto, (max-width: 1024px) 100vw, 1024px\" \/><\/figure>\n\n\n\n<h2 class=\"wp-block-heading\">Saemesth! &#8211; s\u00e1nit ja fr\u00e1sat<\/h2>\n\n\n\n<p class=\"has-sizing-medium\">S\u00e1mediggi Norgga beale r\u00e1hkadii 2013:s lummas\u00e1tnegirjj\u00e1\u017ea giellakamp\u00e1nja \u201d<em>S\u00e1m\u00e1s Muinna<\/em>\u201d oktavuo\u0111as. S\u00e1tnegirjj\u00e1\u0161 lei meidnejuvvon nuoraide, ja ulbmil lei som\u00e1s vuogi mielde h\u00e1stalit nuoraid s\u00e1m\u00e1stit vuostta\u0161 deaivvadeamis, \u00e1rgabeaivvis ja feasttas. S\u00e1tnegirjjis ii leat mohkk\u00e1s grammatihkka, muhto baicca \u00e1lkes ja \u00e1bas fr\u00e1sat.<\/p>\n\n\n\n<p class=\"has-sizing-medium\">Girjj\u00e1\u0161 \u0161attai nu bivnnut ahte S\u00e1mediggi Norgga beale 2019:s r\u00e1hkadii \u00e1ppa girjjis. \u00c1ppas lea jietna muhtin s\u00e1niide ja fr\u00e1saide, ja heive dasa gii h\u00e1liida oahppat veh\u00e1\u0161 s\u00e1megiela dahje dasa gii h\u00e1liida oahppat s\u00e1niid ja fr\u00e1said ear\u00e1 s\u00e1megillii.\u00a0<\/p>\n\n\n\n<p><strong>Girjj\u00e1\u017ea g\u00e1vnnat App Stores ja Google Playas.<\/strong><\/p>\n<\/div>\n<\/div>\n\n\n\n<div class=\"wp-block-group is-layout-constrained wp-container-core-group-is-layout-9e49823d wp-block-group-is-layout-constrained\" style=\"margin-top:var(--wp--preset--spacing--150);margin-bottom:var(--wp--preset--spacing--64)\">\n<h2 class=\"wp-block-heading has-text-align-center has-custom-1-font-size\" style=\"text-transform:uppercase\">PC\/mac<\/h2>\n<\/div>\n\n\n\n<div class=\"wp-block-columns alignwide is-layout-flex wp-container-core-columns-is-layout-508e71b7 wp-block-columns-is-layout-flex\">\n<div class=\"wp-block-column has-honey-background-color has-background is-layout-flow wp-block-column-is-layout-flow\" style=\"padding-top:var(--wp--preset--spacing--32);padding-right:var(--wp--preset--spacing--32);padding-bottom:var(--wp--preset--spacing--32);padding-left:var(--wp--preset--spacing--32)\">\n<h2 class=\"wp-block-heading\">S\u00e1tnegirjjit<\/h2>\n\n\n\n<p><a href=\"http:\/\/dicts.uit.no\/\">D\u00e1s g\u00e1vnnat s\u00e1tnegirjjiid ie\u0161gu\u0111et gielaide: \u00a0<a href=\"http:\/\/dicts.uit.no\/\">http:\/\/dicts.uit.no\/<\/a><\/a><\/p>\n\n\n\n<div class=\"wp-block-buttons has-sizing-medium is-horizontal is-content-justification-left is-layout-flex wp-container-core-buttons-is-layout-20be11b6 wp-block-buttons-is-layout-flex\">\n<div class=\"wp-block-button\"><a class=\"wp-block-button__link wp-element-button\" href=\"http:\/\/www.satni.org\/\" target=\"_blank\" rel=\"noreferrer noopener\">Nord-og s\u00f8rsamisk \u2194 Norsk<\/a><\/div>\n\n\n\n<div class=\"wp-block-button is-style-fill\"><a class=\"wp-block-button__link wp-element-button\" href=\"https:\/\/sanit.oahpa.no\/sme\/nob\/\" target=\"_blank\" rel=\"noreferrer noopener\">Nordsamisk \u2194 Norsk<\/a><\/div>\n\n\n\n<div class=\"wp-block-button is-style-fill\"><a class=\"wp-block-button__link wp-element-button\" href=\"https:\/\/baakoeh.oahpa.no\/\" target=\"_blank\" rel=\"noreferrer noopener\">S\u00f8rsamisk \u2194 Norsk<\/a><\/div>\n\n\n\n<div class=\"wp-block-button is-style-fill\"><a class=\"wp-block-button__link wp-element-button\" href=\"http:\/\/julev.no\/\" target=\"_blank\" rel=\"noreferrer noopener\">Lulesamisk \u2194 Norsk<\/a><\/div>\n<\/div>\n<\/div>\n\n\n\n<div class=\"wp-block-column has-honey-background-color has-background is-layout-flow wp-block-column-is-layout-flow\" style=\"padding-top:var(--wp--preset--spacing--32);padding-right:var(--wp--preset--spacing--32);padding-bottom:var(--wp--preset--spacing--32);padding-left:var(--wp--preset--spacing--32)\">\n<h2 class=\"wp-block-heading\">Retteprogram<\/h2>\n\n\n\n<p>S\u00e1ht\u00e1t\u00a0<a href=\"http:\/\/divvun.no\/no\/korrektur\/korrektur.html\">vie\u017e\u017eat \u010d\u00e1llind\u00e1rkkistanreaiddu<\/a>\u00a0MS Officii sihke Windowsii ja Macii. Dat g\u00e1vdno sihke davvi-, julev- ja lullis\u00e1megielas.<\/p>\n\n\n\n<h2 class=\"wp-block-heading has-sizing-medium\">Boallobeavdi<\/h2>\n\n\n\n<p class=\"has-sizing-medium\">Sihke mobiilii ja dihtorii s\u00e1ht\u00e1t vie\u017e\u017eat s\u00e1megiela boallobeavddi. D\u00e1s oainn\u00e1t eambbo die\u0111uid mot\u00a0<a href=\"http:\/\/divvun.no\/no\/keyboards\/mobileindex.html\">vie\u010d\u010dat ja geavahat mobiilaboallobeavddi<\/a>.<\/p>\n\n\n\n<ul class=\"wp-block-list\">\n<li><a href=\"http:\/\/divvun.no\/no\/keyboards\/mobileindex.html\" target=\"_blank\" rel=\"noreferrer noopener\">Mobiltboallobeavdi<\/a><\/li>\n\n\n\n<li><a href=\"http:\/\/divvun.no\/no\/keyboards\/desktopindex.html\" target=\"_blank\" rel=\"noreferrer noopener\">PC-boallobeavdi<\/a><\/li>\n<\/ul>\n<\/div>\n<\/div>\n","protected":false},"excerpt":{"rendered":"<p>G\u00e1vdnojit m\u00e1\u014bga digit\u00e1la giellareaiddu dego st\u00e1venreaidu sihke Windowsii ja Macii, boallobeavdi mobiilii mas lea st\u00e1venreaidu sihke Androidii ja iOS:ii (iPhone ja iPad), s\u00e1tnegirjjit ja olu ear\u00e1. Fina\u00a0Divvun- siiddus\u00a0geah\u010d\u010damin mii g\u00e1vdno s\u00e1megiela giellateknologiijas. 10\/20 b\u00e1go &#8211; oaidnit, gullat ja lohkat s\u00e1megiela Giellavahku oktavuo\u0111as lea Norgga beale S\u00e1mediggi buvttadan\u00a010\/20 b\u00e1go\u00a0nammasa\u0161 \u00e1ppa maid s\u00e1htt\u00e1 vie\u017e\u017eat Android dahje iOS [&hellip;]<\/p>\n","protected":false},"author":97,"featured_media":10861,"parent":9821,"menu_order":1,"comment_status":"closed","ping_status":"closed","template":"","meta":{"_acf_changed":false,"footnotes":""},"class_list":["post-8828","page","type-page","status-publish","has-post-thumbnail","hentry"],"acf":[],"_links":{"self":[{"href":"https:\/\/giellavahkku.org\/sme\/wp-json\/wp\/v2\/pages\/8828","targetHints":{"allow":["GET"]}}],"collection":[{"href":"https:\/\/giellavahkku.org\/sme\/wp-json\/wp\/v2\/pages"}],"about":[{"href":"https:\/\/giellavahkku.org\/sme\/wp-json\/wp\/v2\/types\/page"}],"author":[{"embeddable":true,"href":"https:\/\/giellavahkku.org\/sme\/wp-json\/wp\/v2\/users\/97"}],"replies":[{"embeddable":true,"href":"https:\/\/giellavahkku.org\/sme\/wp-json\/wp\/v2\/comments?post=8828"}],"version-history":[{"count":2,"href":"https:\/\/giellavahkku.org\/sme\/wp-json\/wp\/v2\/pages\/8828\/revisions"}],"predecessor-version":[{"id":10908,"href":"https:\/\/giellavahkku.org\/sme\/wp-json\/wp\/v2\/pages\/8828\/revisions\/10908"}],"up":[{"embeddable":true,"href":"https:\/\/giellavahkku.org\/sme\/wp-json\/wp\/v2\/pages\/9821"}],"wp:featuredmedia":[{"embeddable":true,"href":"https:\/\/giellavahkku.org\/sme\/wp-json\/wp\/v2\/media\/10861"}],"wp:attachment":[{"href":"https:\/\/giellavahkku.org\/sme\/wp-json\/wp\/v2\/media?parent=8828"}],"curies":[{"name":"wp","href":"https:\/\/api.w.org\/{rel}","templated":true}]}}