{"id":933,"date":"2021-08-24T14:23:10","date_gmt":"2021-08-24T12:23:10","guid":{"rendered":"https:\/\/giellavahkku.org\/personvernerklaering\/"},"modified":"2021-10-11T13:39:52","modified_gmt":"2021-10-11T11:39:52","slug":"persovdnasuodjalusjulggastus","status":"publish","type":"page","link":"https:\/\/giellavahkku.org\/sme\/persovdnasuodjalusjulggastus\/","title":{"rendered":"Persovdnasuodjalusjulgga\u0161tus"},"content":{"rendered":"\n<h2 class=\"wp-block-heading\">Geat mii leat<\/h2>\n\n\n\n<p class=\"has-sizing-medium\">VMin neahttab\u00e1ikki \u010dujuhus lea: https:\/\/giellavahkku.org<\/p>\n\n\n\n<h2 class=\"wp-block-heading\">Bija sisa ie\u017eat l\u00e1gideami<\/h2>\n\n\n\n<p class=\"has-sizing-medium\">Go galledeaddjit bidjet sisa ie\u017easet l\u00e1gidemiid siiddus, de lassin galledeaddji IP-\u010dujuhussii ja dihtui das guhte neahttaloganver\u0161uvdna galledeaddjis lea, vurkejuvvojit die\u0111ut mat leat skovis. Dat vurkejuvvojit vai eai biddjojuvvo\u0161ii sisa l\u00e1gideamit mat eai leat duo\u0111ala\u017e\u017ean oaivvilduvvon.<\/p>\n\n\n\n<p class=\"has-sizing-medium\">Namatkeahtes teakstastrea\u014bga mii lea du e-boasta\u010dujuhusa vuo\u0111ul r\u00e1hkaduvvon (goh\u010doduvvo maidd\u00e1i \u00abhash\u00bb) s\u00e1htt\u00e1 s\u00e1ddejuvvot Gravatar-b\u00e1lvalussii g\u00e1vnnahan dihtii leago dus kontu doppe.<\/p>\n\n\n\n<p class=\"has-sizing-medium\">Gravatara persovdnasuodjalusjulgga\u0161tus <a href=\"https:\/\/automattic.com\/privacy\/\">g\u00e1vdno d\u00e1s<\/a>. Ma\u014b\u014bel go l\u00e1gideapmi lea dohkkehuvvon, de dat lea oaidnimis vaikko geasa progr\u00e1mmasiiddu oktavuo\u0111as.<\/p>\n\n\n\n<h2 class=\"wp-block-heading\">Media<\/h2>\n\n\n\n<p class=\"has-sizing-medium\">Jus bijat govaid neahttab\u00e1ik\u00e1i, de it berre bidjat govaid mat sisttisdollet die\u0111u das gos govva lea govvejuvvon (EXIF GPS). Buohkat geat galledit siiddu s\u00e1httet vie\u017e\u017eat govaid ja dakk\u00e1r die\u0111uid mat \u010duvvot gova.<\/p>\n\n\n\n<h2 class=\"wp-block-heading\">Diehto\u010doahkut<\/h2>\n\n\n\n<p class=\"has-sizing-medium\">Jus bijat sisa l\u00e1gidemiid d\u00e1n neahttab\u00e1ikkis, de s\u00e1ht\u00e1t min bivdit muitit nama, e-boastta ja neahttab\u00e1ikki. Die\u0111ut vurkejuvvojit diehto\u010dohkkui vai dutnje \u0161add\u00e1 \u00e1lkibun. Dasto it d\u00e1rbbat die\u0111uid deavdit nuppes go bijat sisa dahje rievdadat l\u00e1gidemiid. D\u00e1id diehto\u010doahkuid vurkkodeapmi nohk\u00e1 jagi ma\u014b\u014bel.<\/p>\n\n\n\n<p class=\"has-sizing-medium\">Jus finat min sisaloggensiiddus, de mii r\u00e1hkadit gaskaboddosa\u0161 diehto\u010doahku vai oaidnit dohkkeha go du neahttalogan diehto\u010doahkuid. D\u00e1n diehto\u010doahkus eai leat persondie\u0111ut ja dat j\u00e1vk\u00e1 fas go giddet neahttalogana.<\/p>\n\n\n\n<p class=\"has-sizing-medium\">Go logget sisa, de r\u00e1hkaduvvojit diehto\u010doahkut mat vurkejit du sisaloggendie\u0111uid ja v\u00e1lljemiid mat gusket sisdoalu oaidnimii. Diehto\u010doahkut mat sisttisdollet sisaloggendie\u0111uid, daid vurkkodeapmi nohk\u00e1 guokte beaivvi ma\u014b\u014bel, ja diehto\u010doahkut sisdoalu oaidnima v\u00e1lljemis bistet jagi. Jus merket molssaeavttu &#8220;Muitte mu&#8221;, de vurkkoduvvojit die\u0111ut du sisaloggema birra guokte vahku. Jus logget olggos ie\u017eat konttus, de j\u00e1vket d\u00e1t diehto\u010doahkut.<\/p>\n\n\n\n<p class=\"has-sizing-medium\">Jus rievdadat dahje almmuhat l\u00e1gideami, de vurkejuvvo vel okta diehto\u010doahkku du neahttaloganii. D\u00e1t diehto\u010doahkku ii sisttisdoala persondie\u0111uid, du\u0161\u0161efal dan artihkkala ID man aitto leat rievdadan. Dat j\u00e1vk\u00e1 beaivvi ma\u014b\u014bel.<\/p>\n\n\n\n<h2 class=\"wp-block-heading\">Siskkilduvvon sisdoallu ear\u00e1 neahttab\u00e1ikkiin<\/h2>\n\n\n\n<p class=\"has-sizing-medium\">Artihkkalat d\u00e1n siiddus s\u00e1httet siskkildit ear\u00e1 neahttab\u00e1ikkiid sisdoalu (omd. filmmaid, govaid, artihkkaliid jnv.). Siskkilduvvon sisdoallu mii vi\u017e\u017eojuvvo ear\u00e1 neahttab\u00e1ikkiin l\u00e1htte juste d\u00e1n l\u00e1dje ahte galledeaddji liv\u010d\u010dii dan neahttab\u00e1ikki, gos sisdoallu boaht\u00e1, galledan.<\/p>\n\n\n\n<p class=\"has-sizing-medium\">D\u00e1t neahttab\u00e1ikkit s\u00e1httet d\u00e1n siskkilduvvon sisdoalu bokte \u010dohkket die\u0111uid du birra, atnit diehto\u010doahkuid, bidjat sisa guorranreaidduid goalmm\u00e1t oas\u00e1la\u010d\u010dain ja v\u00e1k\u0161ut maid don barggat. Siskkilduvvon sisdoalu bokte maidd\u00e1i lea vejola\u0161vuohta guorrat du daguid jus dus lea kontu ja leat loggejuvvon sisa neahttab\u00e1ik\u00e1i.<\/p>\n\n\n\n<h2 class=\"wp-block-heading\">Geaiguin mii juogadit du die\u0111uid<\/h2>\n\n\n\n<p class=\"has-sizing-medium\">Jus si\u0111at o\u0111asmahttit ie\u017eat beassans\u00e1ni, de \u010duovvu du IP-\u010dujuhus e-boastta mas bivdd\u00e1t ahte beassans\u00e1tni o\u0111asmahttojuvvo.<\/p>\n\n\n\n<h2 class=\"wp-block-heading\">Man guhk\u00e1 mii vurkkodit die\u0111uid du birra<\/h2>\n\n\n\n<p class=\"has-sizing-medium\">Jus bijat sisa l\u00e1gideami, de dat vurkejuvvo oktan die\u0111uiguin l\u00e1gideami birra mearritkeahtes \u00e1ig\u00e1i.<\/p>\n\n\n\n<p class=\"has-sizing-medium\">Geavaheddjiid d\u00e1fus geat registrerejit ie\u017easet d\u00e1n neahttab\u00e1ik\u00e1i, vurkejuvvojit maidd\u00e1i persondie\u0111ut maid sii devdet geavaheaddjeprofiilii. Buot geavaheaddjit s\u00e1httet vaikko goas geah\u010d\u010dat, rievdadit dahje sihkkut ie\u017easet persondie\u0111uid (earret geavaheaddjenama). Maidd\u00e1i neahttab\u00e1ikki h\u00e1ldda\u0161eaddjit s\u00e1httet geah\u010d\u010dat ja rievdadit d\u00e1id die\u0111uid.<\/p>\n\n\n\n<h2 class=\"wp-block-heading\">Du vuoigatvuo\u0111at die\u0111uid d\u00e1fus mat mis leat du birra<\/h2>\n\n\n\n<p class=\"has-sizing-medium\">Jus dus lea kontu d\u00e1n neahttab\u00e1ikkis dahje jus leat komment\u00e1ra guo\u0111\u0111\u00e1n, de s\u00e1ht\u00e1t bivdit oa\u017e\u017eut eksporta fiilla mii sisttisdoall\u00e1 die\u0111uid mat mis leat du birra. Das leat buot die\u0111ut maid leat add\u00e1n midjiide. S\u00e1ht\u00e1t maidd\u00e1i sihtat min sihkkut buot persondie\u0111uid mat mis leat du birra. Dat ii guoskka die\u0111uide maid mii leat geatnegahttojuvvon vurket h\u00e1lddahusla\u0161 dahje juridihkala\u0161 \u00e1kkaid dahje sihkarvuo\u0111a dihte.<\/p>\n\n\n\n<h2 class=\"wp-block-heading\"><strong>Gosa mii s\u00e1ddet die\u0111uid du birra<\/strong><\/h2>\n\n\n\n<p class=\"has-sizing-medium\">Gallededdjiid l\u00e1gideamit d\u00e1rkkistuvvojit ja dohkkehuvvojit, ja lea doaimmaheaddji guhte dan dahk\u00e1 hehtten dihtii ahte s\u00e1ddejuvvojit sisa ruskaboasttat.<\/p>\n","protected":false},"excerpt":{"rendered":"<p>Geat mii leat VMin neahttab\u00e1ikki \u010dujuhus lea: https:\/\/giellavahkku.org Bija sisa ie\u017eat l\u00e1gideami Go galledeaddjit bidjet sisa ie\u017easet l\u00e1gidemiid siiddus, de lassin galledeaddji IP-\u010dujuhussii ja dihtui das guhte neahttaloganver\u0161uvdna galledeaddjis lea, vurkejuvvojit die\u0111ut mat leat skovis. Dat vurkejuvvojit vai eai biddjojuvvo\u0161ii sisa l\u00e1gideamit mat eai leat duo\u0111ala\u017e\u017ean oaivvilduvvon. Namatkeahtes teakstastrea\u014bga mii lea du e-boasta\u010dujuhusa vuo\u0111ul r\u00e1hkaduvvon [&hellip;]<\/p>\n","protected":false},"author":1,"featured_media":0,"parent":0,"menu_order":0,"comment_status":"closed","ping_status":"closed","template":"","meta":{"_acf_changed":false,"footnotes":""},"class_list":["post-933","page","type-page","status-publish","hentry"],"acf":[],"_links":{"self":[{"href":"https:\/\/giellavahkku.org\/sme\/wp-json\/wp\/v2\/pages\/933","targetHints":{"allow":["GET"]}}],"collection":[{"href":"https:\/\/giellavahkku.org\/sme\/wp-json\/wp\/v2\/pages"}],"about":[{"href":"https:\/\/giellavahkku.org\/sme\/wp-json\/wp\/v2\/types\/page"}],"author":[{"embeddable":true,"href":"https:\/\/giellavahkku.org\/sme\/wp-json\/wp\/v2\/users\/1"}],"replies":[{"embeddable":true,"href":"https:\/\/giellavahkku.org\/sme\/wp-json\/wp\/v2\/comments?post=933"}],"version-history":[{"count":1,"href":"https:\/\/giellavahkku.org\/sme\/wp-json\/wp\/v2\/pages\/933\/revisions"}],"predecessor-version":[{"id":1198,"href":"https:\/\/giellavahkku.org\/sme\/wp-json\/wp\/v2\/pages\/933\/revisions\/1198"}],"wp:attachment":[{"href":"https:\/\/giellavahkku.org\/sme\/wp-json\/wp\/v2\/media?parent=933"}],"curies":[{"name":"wp","href":"https:\/\/api.w.org\/{rel}","templated":true}]}}