{"id":440,"date":"2021-08-24T16:22:06","date_gmt":"2021-08-24T14:22:06","guid":{"rendered":"https:\/\/giellavahkku.org\/om-uken\/"},"modified":"2025-09-25T17:02:20","modified_gmt":"2025-09-25T15:02:20","slug":"om-uken","status":"publish","type":"page","link":"https:\/\/giellavahkku.org\/smj\/om-uken\/","title":{"rendered":"Mij la Giellavahkko?"},"content":{"rendered":"\n<div class=\"wp-block-group is-layout-constrained wp-container-core-group-is-layout-ec27dcee wp-block-group-is-layout-constrained\" style=\"margin-bottom:var(--wp--preset--spacing--72)\">\n<h1 class=\"wp-block-heading has-text-align-center has-custom-7-font-size\" style=\"text-transform:uppercase\">Mij la Giellavahkko?<\/h1>\n\n\n\n<p class=\"has-text-align-center has-custom-10-font-size\" style=\"font-style:normal;font-weight:500\">Giellavahkko la \u00e1lgadibme S\u00e1medikkes vuona bielen mij b\u00e5dij Giellal\u00e5pptima almodime aktijvuodajn.<\/p>\n<\/div>\n\n\n\n<div class=\"wp-block-group alignwide has-honey-background-color has-background is-layout-flow wp-block-group-is-layout-flow\" style=\"padding-top:var(--wp--preset--spacing--72);padding-right:var(--wp--preset--spacing--72);padding-bottom:var(--wp--preset--spacing--72);padding-left:var(--wp--preset--spacing--72);font-style:normal;font-weight:500\">\n<h2 class=\"wp-block-heading\">giellavahkko<\/h2>\n\n\n\n<p class=\"has-sizing-medium\">Giellavahko ulmme l s\u00e1me gielaj \u00e1rvov l\u00e5pptit, ja buoredit m\u00e1htov s\u00e1me giela ja kultuvra birra \u00e5lles sebrudag\u00e1n. Jur dan vahkon galggi s\u00e1megiela gullut ja vuojnnut juohkka sajen.<\/p>\n\n\n\n<div class=\"wp-block-columns is-layout-flex wp-container-core-columns-is-layout-28f84493 wp-block-columns-is-layout-flex\">\n<div class=\"wp-block-column is-layout-flow wp-block-column-is-layout-flow\">\n<figure class=\"wp-block-image size-large\"><img loading=\"lazy\" decoding=\"async\" width=\"1024\" height=\"778\" src=\"https:\/\/giellavahkku.org\/wp-content\/uploads\/2024\/08\/bilde-med-buttons-1024x778.jpg\" alt=\"\" class=\"wp-image-6827\" srcset=\"https:\/\/giellavahkku.org\/wp-content\/uploads\/2024\/08\/bilde-med-buttons-1024x778.jpg 1024w, https:\/\/giellavahkku.org\/wp-content\/uploads\/2024\/08\/bilde-med-buttons-300x228.jpg 300w, https:\/\/giellavahkku.org\/wp-content\/uploads\/2024\/08\/bilde-med-buttons-768x584.jpg 768w, https:\/\/giellavahkku.org\/wp-content\/uploads\/2024\/08\/bilde-med-buttons-1536x1167.jpg 1536w, https:\/\/giellavahkku.org\/wp-content\/uploads\/2024\/08\/bilde-med-buttons-scaled.jpg 2048w\" sizes=\"auto, (max-width: 1024px) 100vw, 1024px\" \/><\/figure>\n<\/div>\n\n\n\n<div class=\"wp-block-column is-layout-flow wp-block-column-is-layout-flow\">\n<p>Giellavahkon mij aktan tjalmostahttep ja buoredip m\u00e1htov s\u00e1megielaj birra \u00e5lles sebrudag\u00e1n. Priv\u00e1hta ja almulasj \u00e1sadus\u00e1, \u00e6l\u00e1dusiellem, organisasj\u00e5vn\u00e5 ja ietj\u00e1 oassev\u00e1llde bivddiduvvi s\u00e1megielajt tjalmostaht\u00e1tjit jur dan vahkon. Aktan v\u00e1lldep stuor\u00e1p \u00e5vd\u00e5sv\u00e1sst\u00e1dus\u00e1v s\u00e1megielaj gullumis, vuojnnemis ja adnemis g\u00e1jkajn sebrudaksuorgijn.<\/p>\n<\/div>\n<\/div>\n\n\n\n<p class=\"has-sizing-medium\">Giellavahkko la \u00e1lgadibme S\u00e1medikkes vuona bielen mij b\u00e5dij Giellal\u00e5pptima almodime aktijvuodajn.<\/p>\n\n\n\n<figure class=\"wp-block-image size-large\"><img decoding=\"async\" src=\"https:\/\/giellavahkku.org\/wp-content\/uploads\/2023\/10\/samediggi-1024x680.jpg\" alt=\"\" class=\"wp-image-5265\"\/><\/figure>\n\n\n\n<h2 class=\"wp-block-heading\">Manen la Giellavahkko \u00e1jnas?<\/h2>\n\n\n\n<p class=\"has-sizing-medium\">V\u00e1jku li \u00e1jteduvvam g\u00e1htomis, de s\u00e1megiela \u00e1jn bissu. Doajvvo le. S\u00e1mij gaskan la diedulasjvuohta giela ja giellav\u00e1lljima g\u00e1ktuj, ja ienep ja ienep ulmutja v\u00e1lljiji s\u00e6brrat kursajda \u00e5ttjudittjat gielav ruoptus mav mij\u00e1 m\u00e1tto li mass\u00e1m. Guovlojn g\u00e5nn\u00e5 s\u00e1megiella ij la m\u00e5ttijt buolvajt aneduvvam, d\u00e1lla nuorra \u00e5llessjattuga s\u00e1megielav ruoptus v\u00e1lldi ja v\u00e1rrogis\u00e1t g\u00e6httjali dav vijdd\u00e1sappo m\u00e1n\u00e1jdis\u00e1jda vaddet. \u00c5d\u00e5 s\u00e1megielak buolvva s\u00e1megielak m\u00e1n\u00e1j li sjaddamin d\u00e1lla.<\/p>\n\n\n\n<p class=\"has-sizing-medium\">Sihke vuona, svieriga ja suoma bielen s\u00e1mes v\u00e1sedip ahte stuorsebrudahka ienebut vuosedij berustimev s\u00e1megielajda, ja s\u00e1me rijkav mieht\u00e1j \u00e5ts\u00e5dalli juhte sij\u00e1 kultuvrra ja giela ienebut d\u00e5hkkiduvvi. Berustibme s\u00e1me sebrudahkaj la stuorre, ja \u00e1jgge goassa aktisasj giellaratj\u00e1stimev dahkat, ij lulu buorep.<\/p>\n\n\n\n<h2 class=\"wp-block-heading has-text-align-left\"><\/h2>\n<\/div>\n\n\n\n<p><\/p>\n","protected":false},"excerpt":{"rendered":"<p>giellavahkko Giellavahko ulmme l s\u00e1me gielaj \u00e1rvov l\u00e5pptit, ja buoredit m\u00e1htov s\u00e1me giela ja kultuvra birra \u00e5lles sebrudag\u00e1n. Jur dan vahkon galggi s\u00e1megiela gullut ja vuojnnut juohkka sajen. Giellavahkon mij aktan tjalmostahttep ja buoredip m\u00e1htov s\u00e1megielaj birra \u00e5lles sebrudag\u00e1n. Priv\u00e1hta ja almulasj \u00e1sadus\u00e1, \u00e6l\u00e1dusiellem, organisasj\u00e5vn\u00e5 ja ietj\u00e1 oassev\u00e1llde bivddiduvvi s\u00e1megielajt tjalmostaht\u00e1tjit jur dan vahkon. Aktan [&hellip;]<\/p>\n","protected":false},"author":1,"featured_media":0,"parent":0,"menu_order":0,"comment_status":"closed","ping_status":"closed","template":"wp-custom-template-side-banner","meta":{"_acf_changed":false,"footnotes":""},"class_list":["post-440","page","type-page","status-publish","hentry"],"acf":[],"_links":{"self":[{"href":"https:\/\/giellavahkku.org\/smj\/wp-json\/wp\/v2\/pages\/440","targetHints":{"allow":["GET"]}}],"collection":[{"href":"https:\/\/giellavahkku.org\/smj\/wp-json\/wp\/v2\/pages"}],"about":[{"href":"https:\/\/giellavahkku.org\/smj\/wp-json\/wp\/v2\/types\/page"}],"author":[{"embeddable":true,"href":"https:\/\/giellavahkku.org\/smj\/wp-json\/wp\/v2\/users\/1"}],"replies":[{"embeddable":true,"href":"https:\/\/giellavahkku.org\/smj\/wp-json\/wp\/v2\/comments?post=440"}],"version-history":[{"count":2,"href":"https:\/\/giellavahkku.org\/smj\/wp-json\/wp\/v2\/pages\/440\/revisions"}],"predecessor-version":[{"id":9558,"href":"https:\/\/giellavahkku.org\/smj\/wp-json\/wp\/v2\/pages\/440\/revisions\/9558"}],"wp:attachment":[{"href":"https:\/\/giellavahkku.org\/smj\/wp-json\/wp\/v2\/media?parent=440"}],"curies":[{"name":"wp","href":"https:\/\/api.w.org\/{rel}","templated":true}]}}

<div class="wp-block-group is-layout-constrained wp-container-core-group-is-layout-ec27dcee wp-block-group-is-layout-constrained" style="margin-bottom:var(--wp--preset--spacing--72)">
<h1 class="wp-block-heading has-text-align-center has-custom-7-font-size" style="text-transform:uppercase">Mij la Giellavahkko?</h1>



<p class="has-text-align-center has-custom-10-font-size" style="font-style:normal;font-weight:500">Giellavahkko la álgadibme Sámedikkes vuona bielen mij bådij Giellalåpptima almodime aktijvuodajn.</p>
</div>



<div class="wp-block-group alignwide has-honey-background-color has-background is-layout-flow wp-block-group-is-layout-flow" style="padding-top:var(--wp--preset--spacing--72);padding-right:var(--wp--preset--spacing--72);padding-bottom:var(--wp--preset--spacing--72);padding-left:var(--wp--preset--spacing--72);font-style:normal;font-weight:500">
<h2 class="wp-block-heading">giellavahkko</h2>



<p class="has-sizing-medium">Giellavahko ulmme l sáme gielaj árvov låpptit, ja buoredit máhtov sáme giela ja kultuvra birra ålles sebrudagán. Jur dan vahkon galggi sámegiela gullut ja vuojnnut juohkka sajen.</p>



<div class="wp-block-columns is-layout-flex wp-container-core-columns-is-layout-28f84493 wp-block-columns-is-layout-flex">
<div class="wp-block-column is-layout-flow wp-block-column-is-layout-flow">
<figure class="wp-block-image size-large"><img loading="lazy" decoding="async" width="1024" height="778" src="https://giellavahkku.org/wp-content/uploads/2024/08/bilde-med-buttons-1024x778.jpg" alt="" class="wp-image-6827" srcset="https://giellavahkku.org/wp-content/uploads/2024/08/bilde-med-buttons-1024x778.jpg 1024w, https://giellavahkku.org/wp-content/uploads/2024/08/bilde-med-buttons-300x228.jpg 300w, https://giellavahkku.org/wp-content/uploads/2024/08/bilde-med-buttons-768x584.jpg 768w, https://giellavahkku.org/wp-content/uploads/2024/08/bilde-med-buttons-1536x1167.jpg 1536w, https://giellavahkku.org/wp-content/uploads/2024/08/bilde-med-buttons-scaled.jpg 2048w" sizes="auto, (max-width: 1024px) 100vw, 1024px" /></figure>
</div>



<div class="wp-block-column is-layout-flow wp-block-column-is-layout-flow">
<p>Giellavahkon mij aktan tjalmostahttep ja buoredip máhtov sámegielaj birra ålles sebrudagán. Priváhta ja almulasj ásadusá, æládusiellem, organisasjåvnå ja ietjá oassevállde bivddiduvvi sámegielajt tjalmostahtátjit jur dan vahkon. Aktan válldep stuoráp åvdåsvásstádusáv sámegielaj gullumis, vuojnnemis ja adnemis gájkajn sebrudaksuorgijn.</p>
</div>
</div>



<p class="has-sizing-medium">Giellavahkko la álgadibme Sámedikkes vuona bielen mij bådij Giellalåpptima almodime aktijvuodajn.</p>



<figure class="wp-block-image size-large"><img decoding="async" src="https://giellavahkku.org/wp-content/uploads/2023/10/samediggi-1024x680.jpg" alt="" class="wp-image-5265"/></figure>



<h2 class="wp-block-heading">Manen la Giellavahkko ájnas?</h2>



<p class="has-sizing-medium">Vájku li ájteduvvam gáhtomis, de sámegiela ájn bissu. Doajvvo le. Sámij gaskan la diedulasjvuohta giela ja giellaválljima gáktuj, ja ienep ja ienep ulmutja válljiji sæbrrat kursajda åttjudittjat gielav ruoptus mav mijá mátto li massám. Guovlojn gånnå sámegiella ij la måttijt buolvajt aneduvvam, dálla nuorra ållessjattuga sámegielav ruoptus válldi ja várrogisát gæhttjali dav vijddásappo mánájdisájda vaddet. Ådå sámegielak buolvva sámegielak mánáj li sjaddamin dálla.</p>



<p class="has-sizing-medium">Sihke vuona, svieriga ja suoma bielen sámes vásedip ahte stuorsebrudahka ienebut vuosedij berustimev sámegielajda, ja sáme rijkav miehtáj åtsådalli juhte sijá kultuvrra ja giela ienebut dåhkkiduvvi. Berustibme sáme sebrudahkaj la stuorre, ja ájgge goassa aktisasj giellaratjástimev dahkat, ij lulu buorep.</p>



<h2 class="wp-block-heading has-text-align-left"></h2>
</div>



<p></p>

<p>giellavahkko Giellavahko ulmme l sáme gielaj árvov låpptit, ja buoredit máhtov sáme giela ja kultuvra birra ålles sebrudagán. Jur dan vahkon galggi sámegiela gullut ja vuojnnut juohkka sajen. Giellavahkon mij aktan tjalmostahttep ja buoredip máhtov sámegielaj birra ålles sebrudagán. Priváhta ja almulasj ásadusá, æládusiellem, organisasjåvnå ja ietjá oassevállde bivddiduvvi sámegielajt tjalmostahtátjit jur dan vahkon. Aktan [&hellip;]</p>
