{"id":6108,"date":"2023-10-11T13:41:14","date_gmt":"2023-10-11T11:41:14","guid":{"rendered":"https:\/\/giellavahkku.org\/10-tips-til-skoler\/"},"modified":"2025-10-08T14:37:57","modified_gmt":"2025-10-08T12:37:57","slug":"10-tips-til-skoler","status":"publish","type":"page","link":"https:\/\/giellavahkku.org\/smj\/om-uken\/10-tips-til-skoler\/","title":{"rendered":"10 g\u00e4tj\u00e1stus\u00e1 sk\u00e5vl\u00e5jda"},"content":{"rendered":"\n<h3 class=\"wp-block-heading\"><strong>Mij lip \u00e1ssam l\u00e5gev g\u00e4tj\u00e1stus\u00e1jt arvusmahttemij sk\u00e5vl\u00e5jda. Jus oahppe li s\u00e1megielaga, de m\u00e1htt\u00e1 d\u00e4ttov biedjat ietj\u00e1 s\u00e1megielajt oahpp\u00e1t ja jus oahppijn la s\u00e1megiella degu am\u00e1sgiella de hiehp\u00e1 d\u00e1n vahko oahpp\u00e1t ienep s\u00e1megielav. Hebada \u00e5hpadimev ahkejuohkusijda ja barga dan vuossti ahte Giellavahkko sjadd\u00e1 suohtas ja le juoga masi oahppe \u00e1vvusi.<\/strong><\/h3>\n\n\n\n<ol start=\"1\" class=\"wp-block-list\">\n<li><strong>\u00c1lgadibme. <\/strong>\u00c1lgit vahkov tjielggit Giellavahko birra, ma vidjora li s\u00e1megielajn, manen d\u00e1t vahkko l \u00e1jnas ja g\u00e5k dij\u00e1 vahkkopl\u00e1na vuojnnu.<\/li>\n<\/ol>\n\n\n\n<ol start=\"2\" class=\"wp-block-list\">\n<li><strong>Giellatjiehka. <\/strong>\u00c1ssit sierra tjiegav sk\u00e5vl\u00e5n vaj kl\u00e1ssalanj\u00e1n giellaoahppamij, interaktijva spelajn, plahk\u00e1htajn ja oahppon\u00e4vo ma m\u00e5vt\u00e5stuhtti b\u00e4jvv\u00e1lasj avtastallamij.<\/li>\n<\/ol>\n\n\n\n<ol start=\"3\" class=\"wp-block-list\">\n<li><strong>Bivddi guossev. <\/strong>Bivddi guossev g\u00e4nna l pers\u00e5vn\u00e5lasj hist\u00e5vrr\u00e5 s\u00e1megiell\u00e1j. M\u00e1htt\u00e1 \u00e5rrot soames gut la gielav ruoptus v\u00e1ldd\u00e1m, gut la v\u00e1sedam d\u00e1rojduhttemav, soames gut l\u00e1vllu ja n\u00e5v vil.<\/li>\n<\/ol>\n\n\n\n<ol start=\"4\" class=\"wp-block-list\">\n<li><strong>Hist\u00e5vrr\u00e5tijmma. <\/strong>Guoradallit ja oahppit s\u00e1me hist\u00e5vrr\u00e5 birra ja adnit gielav guovd\u00e1tjin.<\/li>\n<\/ol>\n\n\n\n<ol start=\"5\" class=\"wp-block-list\">\n<li><strong>Musijkkatijmma. <\/strong>Hiebadihtit musijkkatijmav vuolijda ja s\u00e1me musijkk\u00e1j. \u00c5vdd\u00e5nbuktit goapp\u00e1tjag\u00e1 \u00e1rbbed\u00e1b\u00e1lasj musijkav ja popmusijkav.<\/li>\n<\/ol>\n\n\n\n<ol start=\"6\" class=\"wp-block-list\">\n<li><strong>S\u00e1megieltijmma. <\/strong>L\u00e5dnit iednegielav s\u00e1megiell\u00e1j tijmmapl\u00e1nan. Oahppit s\u00e1me bokst\u00e1vajt ja vuodog\u00e1rgadis\u00e1jt ja s\u00e1gastallit s\u00e1megiela struktuvra birra.&nbsp;<\/li>\n<\/ol>\n\n\n\n<ol start=\"7\" class=\"wp-block-list\">\n<li><strong>Filmma. <\/strong>G\u00e4httjit s\u00e1me filmav ja guossodihtit popcornijt oahppijda. Stuorsebrudahka l hist\u00e5vrr\u00e5lattjat b\u00e1jnn\u00e1m s\u00e1mesebrudag\u00e1v negatijvvalattjat. Vaddit positijvalasj v\u00e1sadus\u00e1v oahppijda gielajn ja dag\u00e1 dav h\u00e1vskes tijmm\u00e1j.<\/li>\n<\/ol>\n\n\n\n<ol start=\"8\" class=\"wp-block-list\">\n<li><strong>Giellaquiz. <\/strong>D\u00e1hkit giellaquizav masi oahppe m\u00e1htti digit\u00e1la b\u00e1hkogirjijt adnet viehkken.<\/li>\n<\/ol>\n\n\n\n<ol start=\"9\" class=\"wp-block-list\">\n<li><strong>Digit\u00e1la gelbugisvuohta. <\/strong>Dibddit oahppijt \u00e1ssat digit\u00e1la \u00e5vdd\u00e5nbuktemijt jali videojt ma vuosedit majt li Giellavahkon oahpp\u00e1m.<\/li>\n<\/ol>\n\n\n\n<ol start=\"10\" class=\"wp-block-list\">\n<li><strong>Refleksj\u00e5vnn\u00e5 ja s\u00e1gastallam. <\/strong>Hiejttit vahkov tj\u00e1lalasj vaj nj\u00e1lm\u00e1lasj s\u00e1gastallamijn g\u00e5nn\u00e5 oahppe bessi ussjulit Giellavahko \u00e1jnasvuoda birra. <\/li>\n<\/ol>\n","protected":false},"excerpt":{"rendered":"<p>Mij lip \u00e1ssam l\u00e5gev g\u00e4tj\u00e1stus\u00e1jt arvusmahttemij sk\u00e5vl\u00e5jda. Jus oahppe li s\u00e1megielaga, de m\u00e1htt\u00e1 d\u00e4ttov biedjat ietj\u00e1 s\u00e1megielajt oahpp\u00e1t ja jus oahppijn la s\u00e1megiella degu am\u00e1sgiella de hiehp\u00e1 d\u00e1n vahko oahpp\u00e1t ienep s\u00e1megielav. Hebada \u00e5hpadimev ahkejuohkusijda ja barga dan vuossti ahte Giellavahkko sjadd\u00e1 suohtas ja le juoga masi oahppe \u00e1vvusi.<\/p>\n","protected":false},"author":85,"featured_media":9696,"parent":440,"menu_order":0,"comment_status":"closed","ping_status":"closed","template":"","meta":{"_acf_changed":false,"footnotes":""},"class_list":["post-6108","page","type-page","status-publish","has-post-thumbnail","hentry"],"acf":[],"_links":{"self":[{"href":"https:\/\/giellavahkku.org\/smj\/wp-json\/wp\/v2\/pages\/6108","targetHints":{"allow":["GET"]}}],"collection":[{"href":"https:\/\/giellavahkku.org\/smj\/wp-json\/wp\/v2\/pages"}],"about":[{"href":"https:\/\/giellavahkku.org\/smj\/wp-json\/wp\/v2\/types\/page"}],"author":[{"embeddable":true,"href":"https:\/\/giellavahkku.org\/smj\/wp-json\/wp\/v2\/users\/85"}],"replies":[{"embeddable":true,"href":"https:\/\/giellavahkku.org\/smj\/wp-json\/wp\/v2\/comments?post=6108"}],"version-history":[{"count":2,"href":"https:\/\/giellavahkku.org\/smj\/wp-json\/wp\/v2\/pages\/6108\/revisions"}],"predecessor-version":[{"id":9002,"href":"https:\/\/giellavahkku.org\/smj\/wp-json\/wp\/v2\/pages\/6108\/revisions\/9002"}],"up":[{"embeddable":true,"href":"https:\/\/giellavahkku.org\/smj\/wp-json\/wp\/v2\/pages\/440"}],"wp:featuredmedia":[{"embeddable":true,"href":"https:\/\/giellavahkku.org\/smj\/wp-json\/wp\/v2\/media\/9696"}],"wp:attachment":[{"href":"https:\/\/giellavahkku.org\/smj\/wp-json\/wp\/v2\/media?parent=6108"}],"curies":[{"name":"wp","href":"https:\/\/api.w.org\/{rel}","templated":true}]}}