{"id":6120,"date":"2023-10-03T09:08:51","date_gmt":"2023-10-03T07:08:51","guid":{"rendered":"https:\/\/giellavahkku.org\/10-tips-til-barnehager\/"},"modified":"2025-10-08T14:31:39","modified_gmt":"2025-10-08T12:31:39","slug":"10-tips-til-barnehager","status":"publish","type":"page","link":"https:\/\/giellavahkku.org\/smj\/om-uken\/10-tips-til-barnehager\/","title":{"rendered":"L\u00e5gev g\u00e4htj\u00e1stus\u00e1 \u00e5vdd\u00e5sk\u00e5vl\u00e5jdae"},"content":{"rendered":"\n<ol style=\"list-style-type:1\" class=\"wp-block-list\">\n<li><strong>S\u00e1megiella degu tebm\u00e1\u00e5lles vahko.&nbsp;<\/strong>Ane s\u00e1megielav degu tebm\u00e1 \u00e5lles vahko ja biedjit dav m\u00e1nopl\u00e1naj (Giellavahkko l vahkko 43 juokka jage). D\u00e1hkit dahkamus\u00e1jt s\u00e1me giela ja kultuvra birra. \u00c1sadihtit vahkkopl\u00e1nav g\u00e4htjastus\u00e1jn ma li danna ja didjij hiehpi.<\/li>\n<\/ol>\n\n\n\n<ol start=\"2\" class=\"wp-block-list\">\n<li><strong>S\u00e1me subtts\u00e1sa.&nbsp;<\/strong>L\u00e5g\u00e5 s\u00e1me subtts\u00e1sijt m\u00e1n\u00e1jda. G\u00e1vnnuji s\u00e1me m\u00e1n\u00e1girje goapp\u00e1tjag\u00e1 s\u00e1megiellaj ja ietj\u00e1 gielajda.<\/li>\n<\/ol>\n\n\n\n<ol start=\"3\" class=\"wp-block-list\">\n<li><strong>S\u00e1me disco.&nbsp;<\/strong>Gulldalihtit vuolijt ja ietj\u00e1 s\u00e1me musijkk\u00e1v m\u00e1n\u00e1jn. Dag\u00e1 spellamlisst\u00e1v Spotify:an g\u00e5nn\u00e5 g\u00e1vnnu s\u00e1me musijkk\u00e1 ja as\u00e1 s\u00e1me discov.<\/li>\n<\/ol>\n\n\n\n<ol start=\"4\" class=\"wp-block-list\">\n<li><strong>D\u00e1nsit BlimE!&nbsp;<\/strong>D\u00e1nsit s\u00e1me vari\u00e1ntav BlimE-l\u00e1vlagij, g\u00e1vna dav danna: <a href=\"https:\/\/nrksuper.no\/serie\/blime\/MSUM06001023\/sesong-12\/episode-4\">https:\/\/nrksuper.no\/serie\/blime\/MSUM06001023\/sesong-12\/episode-4<\/a><\/li>\n<\/ol>\n\n\n\n<ol start=\"5\" class=\"wp-block-list\">\n<li><strong>Spellat giellaspelajt.&nbsp;<\/strong>Oahp\u00e1smahte b\u00e1gojt m\u00e1n\u00e1jda st\u00e5hkama ja spela tjad\u00e1. \u00c1lkkes buorastahttemvuoge ja b\u00e1jno l buorre \u00e1lggo. Jus m\u00e1n\u00e1 m\u00e1htti s\u00e1megielav, tjalmostahtit ietj\u00e1 s\u00e1me giellasuorgijt sidjij.<\/li>\n<\/ol>\n\n\n\n<ol start=\"6\" class=\"wp-block-list\">\n<li><strong>L\u00e1vllot m\u00e1n\u00e1l\u00e1vlagijt.&nbsp;<\/strong>\u00c5hpa m\u00e1n\u00e1jda \u00e1lkkes s\u00e1me m\u00e1n\u00e1l\u00e1vlagijt. L\u00e1vllom la nanus vuohke kultuvrav giehttot. S\u00e1g\u00e1stihtit vuolij birra ja gulldalihtit iesjge\u014bgal\u00e1g\u00e1sj judos vuolijt.<\/li>\n<\/ol>\n\n\n\n<ol start=\"7\" class=\"wp-block-list\">\n<li><strong>Suohtastallat bokst\u00e1v\u00e1j.&nbsp;<\/strong>Sk\u00e5vll\u00e5joavkko m\u00e1htt\u00e1 t\u00e5gav s\u00e1me alfabehtas dahkat vaj ietj\u00e1 spellajt bokst\u00e1vaj ja n\u00e5vti oahp\u00e1smahttet m\u00e1n\u00e1jt s\u00e1me tj\u00e1llemvuogijda.<\/li>\n<\/ol>\n\n\n\n<ol start=\"8\" class=\"wp-block-list\">\n<li><strong>Filmm\u00e1- ja giehttom\u00e1jgge.&nbsp;<\/strong>Vuoseda film\u00e1jt jali girjijt ma g\u00e5vviji s\u00e1me kultuvrav ja iellemav.<\/li>\n<\/ol>\n\n\n\n<ol start=\"9\" class=\"wp-block-list\">\n<li><strong>S\u00e1rggot s\u00e1me sl\u00e1vgav.&nbsp;<\/strong>S\u00e1rggo s\u00e1me sl\u00e1vgav ja \u00e5hpada m\u00e1n\u00e1jda s\u00e1me geografiddjav, giellasuorgijt ja giela virg\u00e1lasj vidjurij birra. G\u00e1vnnuji moadda giellasuorge s\u00e1megielajn, s\u00e1gasta m\u00e1n\u00e1jn makkir giellasuorgge l \u00e5vdd\u00e5sk\u00e5vl\u00e5n.<\/li>\n<\/ol>\n\n\n\n<ol start=\"10\" class=\"wp-block-list\">\n<li><strong>Oahppat s\u00e1me kultuvra birra.&nbsp;<\/strong>G\u00e1vnnit tv-r\u00e1jdov vaj film\u00e1jt ma giehttu m\u00e1n\u00e1j birra ma vieso s\u00e1me kultuvran ja gehtja dajt vaj bivddi sisi guossev gut m\u00e1htt\u00e1 giehttot juojdd\u00e1 s\u00e1me kultuvra birra. S\u00e1me kultuvrra l moattebelak, v\u00e1llji juoga mij la \u00e1jggeguovddel dij\u00e1 \u00e5vdd\u00e5sk\u00e5vll\u00e5j jali dan b\u00e1jken g\u00e5nn\u00e5s lihpit.<\/li>\n<\/ol>\n","protected":false},"excerpt":{"rendered":"","protected":false},"author":85,"featured_media":9928,"parent":440,"menu_order":0,"comment_status":"closed","ping_status":"closed","template":"","meta":{"_acf_changed":false,"footnotes":""},"class_list":["post-6120","page","type-page","status-publish","has-post-thumbnail","hentry"],"acf":[],"_links":{"self":[{"href":"https:\/\/giellavahkku.org\/smj\/wp-json\/wp\/v2\/pages\/6120","targetHints":{"allow":["GET"]}}],"collection":[{"href":"https:\/\/giellavahkku.org\/smj\/wp-json\/wp\/v2\/pages"}],"about":[{"href":"https:\/\/giellavahkku.org\/smj\/wp-json\/wp\/v2\/types\/page"}],"author":[{"embeddable":true,"href":"https:\/\/giellavahkku.org\/smj\/wp-json\/wp\/v2\/users\/85"}],"replies":[{"embeddable":true,"href":"https:\/\/giellavahkku.org\/smj\/wp-json\/wp\/v2\/comments?post=6120"}],"version-history":[{"count":2,"href":"https:\/\/giellavahkku.org\/smj\/wp-json\/wp\/v2\/pages\/6120\/revisions"}],"predecessor-version":[{"id":8986,"href":"https:\/\/giellavahkku.org\/smj\/wp-json\/wp\/v2\/pages\/6120\/revisions\/8986"}],"up":[{"embeddable":true,"href":"https:\/\/giellavahkku.org\/smj\/wp-json\/wp\/v2\/pages\/440"}],"wp:featuredmedia":[{"embeddable":true,"href":"https:\/\/giellavahkku.org\/smj\/wp-json\/wp\/v2\/media\/9928"}],"wp:attachment":[{"href":"https:\/\/giellavahkku.org\/smj\/wp-json\/wp\/v2\/media?parent=6120"}],"curies":[{"name":"wp","href":"https:\/\/api.w.org\/{rel}","templated":true}]}}