{"id":1096,"date":"2021-10-08T14:25:55","date_gmt":"2021-10-08T12:25:55","guid":{"rendered":"https:\/\/giellavahkku.org\/?page_id=1096"},"modified":"2021-10-08T14:27:08","modified_gmt":"2021-10-08T12:27:08","slug":"mii-lii-kielaokko","status":"publish","type":"page","link":"https:\/\/giellavahkku.org\/smn\/mii-lii-kielaokko\/","title":{"rendered":"Mondiet lii Kiel\u00e2okko teh\u00e1l\u00e2\u0161?"},"content":{"rendered":"\n<p class=\"has-sizing-medium\">Veikk\u00e2 lep a\u0161tum lappumist, te s\u00e4mikielah ain pisoh. S\u00e4mikiel\u00e2i lii ain tu\u00e1ivu. S\u00e4mmilij koosk\u00e2st lii ti\u00e4\u0111ul\u00e2\u0161vuot\u00e2 kiel\u00e2st j\u00e1 kiel\u00e2valjimist, j\u00e1 een\u00e2b j\u00e1 een\u00e2b ulmuuh v\u00e4ljejeh serv\u00e2\u0111 s\u00e4mikiel\u00e2 kiel\u00e2kurss\u00e1id, v\u00e2i pu\u00e1vt\u00e1\u010d\u010dii finni\u0111 kiel\u00e2 maass\u00e2d, mon mii madduuh l\u00e1\u00e1 mon\u00e2tt\u00e2m. Ku\u00e1vluin kost s\u00e4mikiel\u00e2 ij lah kevttum suh\u00e2puolv\u00e2 teikk\u00e2 kyevti \u00e4\u00e4igi, te v\u00e4ldih t\u00e4\u00e4l nuor\u00e2 r\u00e4visulmuuh s\u00e4mikiel\u00e2 maass\u00e2d j\u00e1 ke\u010d\u010d\u00e2leh v\u00e1rug\u00e1vt sirde\u0111 tom ovd\u00e2skulij p\u00e1rn\u00e1idis. U\u0111\u0111\u00e2 s\u00e4mikiel\u00e2l\u00e2\u0161 suh\u00e2puolv\u00e2 \u0161adda t\u00e4\u00e4l.<\/p>\n\n\n\n<p class=\"has-sizing-medium\">Mij u\u00e1inip et stuorr\u00e2si\u00e4rv\u00e1d\u00e2h sehe Taa\u017e\u00e2st, Suom\u00e2st j\u00e1 Ruot\u00e2st \u010d\u00e4ittih ain stu\u00e1rr\u00e1b kiddiistume j\u00e1 \u00e4\u014bgiru\u0161\u0161\u00e2m s\u00e4mikiel\u00e1id, j\u00e1 s\u00e4mmiliih t\u00e4in riijkk\u00e2in tobdeh et sii kulttuur j\u00e1 kiel\u00e2 lii ain pyerebeht tuhhiittum. Kiddiistume s\u00e4\u00e4mi si\u00e4rv\u00e1d\u00e2h\u00e2n lii styeres, j\u00e1 \u00e4igi ohts\u00e2\u0161 kiel\u00e2\u00e4\u014bgiru\u0161\u0161\u00e2m\u00e2n ij pu\u00e1vt\u00e1\u010d\u010dij le\u0111e pyereeb.<\/p>\n\n\n\n<div class=\"wp-block-columns has-ice-grey-background-color has-background is-layout-flex wp-container-core-columns-is-layout-28f84493 wp-block-columns-is-layout-flex\">\n<div class=\"wp-block-column is-layout-flow wp-block-column-is-layout-flow\">\n<h2 class=\"wp-block-heading\"><strong>Maht pu\u00e1vt\u00e1h serv\u00e2\u0111? <\/strong><\/h2>\n\n\n\n<p class=\"has-sizing-medium\">Mij av\u017eup ke\u010d\u010d\u00e2\u0111 ohjelmist t\u00e1b\u00e1htuumijd moh tuu alda. V\u00e4\u00e4ldi aain\u00e2s oht\u00e2vuo\u0111\u00e2 jieij\u00e2d ku\u00e1vlu kiel\u00e2ku\u00e1vd\u00e1in j\u00e1 koij\u00e2d sist i\u0161e kavn\u00e2\u0111 t\u00e1b\u00e1htuumijd moh l\u00e1\u00e1 kiel\u00e2ohhoost. Mij av\u017eup meiddei \u010du\u00e1vvu\u0111 kiel\u00e2oho Facebook-siij\u0111o \u201dKiel\u00e2oho\/G\u00efelev\u00e5hkoe\/Kiel\u00e2oho\/Samisk spr\u00e5kuke\u201d, tobbeen u\u00e1in\u00e1h ub\u00e2 S\u00e4\u00e4mi u\u0111\u0111\u00e2sijd. Kiel\u00e2ohhoost lii meiddei jieij\u00e2s Instagram \u201dgiellavahkku\u201d kuus almottuvvojeh fiilmah, koveh j\u00e1 u\u0111\u0111\u00e2seh ub\u00e2 oho.<\/p>\n\n\n\n<p class=\"has-sizing-medium\">Mij tu\u00e1ivup et seervah Kiel\u00e2oho ki\u00e4ldul\u00e2\u0161 t\u00e1b\u00e1htuss\u00e1id, li\u017e\u017eii t\u00e4\u00e4l fyysil\u00e2\u0161 teikk\u00e2 digitaall\u00e2\u0161 t\u00e1b\u00e1htusah. \u010c\u00e4\u00e4li s\u00e4mikiel\u00e2n sosiaall\u00e2\u0161 mediast ub\u00e2 oho j\u00e1 pyevti oovd\u00e2n mii mu\u010dis kollekiel\u00e2id tun \u0161e.<\/p>\n\n\n\n<p class=\"has-sizing-medium\"><a href=\"#\">Vuolg\u00e2t jieij\u00e2d t\u00e1b\u00e1htus teehi<\/a><\/p>\n<\/div>\n\n\n\n<div class=\"wp-block-column is-layout-flow wp-block-column-is-layout-flow\">\n<figure class=\"wp-block-image size-full is-resized\"><img loading=\"lazy\" decoding=\"async\" src=\"https:\/\/giellavahkku.org\/wp-content\/uploads\/2021\/08\/arrangement-bilde.jpg\" alt=\"\" class=\"wp-image-88\" width=\"483\" height=\"230\"\/><\/figure>\n<\/div>\n<\/div>\n","protected":false},"excerpt":{"rendered":"<p>Veikk\u00e2 lep a\u0161tum lappumist, te s\u00e4mikielah ain pisoh. S\u00e4mikiel\u00e2i lii ain tu\u00e1ivu. S\u00e4mmilij koosk\u00e2st lii ti\u00e4\u0111ul\u00e2\u0161vuot\u00e2 kiel\u00e2st j\u00e1 kiel\u00e2valjimist, j\u00e1 een\u00e2b j\u00e1 een\u00e2b ulmuuh v\u00e4ljejeh serv\u00e2\u0111 s\u00e4mikiel\u00e2 kiel\u00e2kurss\u00e1id, v\u00e2i pu\u00e1vt\u00e1\u010d\u010dii finni\u0111 kiel\u00e2 maass\u00e2d, mon mii madduuh l\u00e1\u00e1 mon\u00e2tt\u00e2m. Ku\u00e1vluin kost s\u00e4mikiel\u00e2 ij lah kevttum suh\u00e2puolv\u00e2 teikk\u00e2 kyevti \u00e4\u00e4igi, te v\u00e4ldih t\u00e4\u00e4l nuor\u00e2 r\u00e4visulmuuh s\u00e4mikiel\u00e2 maass\u00e2d [&hellip;]<\/p>\n","protected":false},"author":1,"featured_media":0,"parent":0,"menu_order":0,"comment_status":"closed","ping_status":"closed","template":"","meta":{"_acf_changed":false,"footnotes":""},"class_list":["post-1096","page","type-page","status-publish","hentry"],"acf":[],"_links":{"self":[{"href":"https:\/\/giellavahkku.org\/smn\/wp-json\/wp\/v2\/pages\/1096","targetHints":{"allow":["GET"]}}],"collection":[{"href":"https:\/\/giellavahkku.org\/smn\/wp-json\/wp\/v2\/pages"}],"about":[{"href":"https:\/\/giellavahkku.org\/smn\/wp-json\/wp\/v2\/types\/page"}],"author":[{"embeddable":true,"href":"https:\/\/giellavahkku.org\/smn\/wp-json\/wp\/v2\/users\/1"}],"replies":[{"embeddable":true,"href":"https:\/\/giellavahkku.org\/smn\/wp-json\/wp\/v2\/comments?post=1096"}],"version-history":[{"count":2,"href":"https:\/\/giellavahkku.org\/smn\/wp-json\/wp\/v2\/pages\/1096\/revisions"}],"predecessor-version":[{"id":1103,"href":"https:\/\/giellavahkku.org\/smn\/wp-json\/wp\/v2\/pages\/1096\/revisions\/1103"}],"wp:attachment":[{"href":"https:\/\/giellavahkku.org\/smn\/wp-json\/wp\/v2\/media?parent=1096"}],"curies":[{"name":"wp","href":"https:\/\/api.w.org\/{rel}","templated":true}]}}