{"id":9824,"date":"2025-09-27T19:34:22","date_gmt":"2025-09-27T17:34:22","guid":{"rendered":"https:\/\/giellavahkku.org\/?page_id=9824"},"modified":"2025-09-27T19:42:53","modified_gmt":"2025-09-27T17:42:53","slug":"ma%ca%b9htt-vuaitak-pue%ca%b9tted-mie%ca%b9ldd","status":"publish","type":"page","link":"https:\/\/giellavahkku.org\/sms\/ma%ca%b9htt-vuaitak-pue%ca%b9tted-mie%ca%b9ldd\/","title":{"rendered":"M\u00e4\u02b9htt vu\u00e4itak pue\u02b9tted mie\u02b9ldd?"},"content":{"rendered":"\n<div class=\"wp-block-group is-layout-constrained wp-container-core-group-is-layout-ec27dcee wp-block-group-is-layout-constrained\" style=\"margin-bottom:var(--wp--preset--spacing--72)\">\n<h1 class=\"wp-block-heading has-text-align-center has-custom-7-font-size\" style=\"text-transform:uppercase\">M\u00e4\u02b9htt vu\u00e4itak pue\u02b9tted mie\u02b9ldd?<\/h1>\n\n\n\n<p class=\"has-text-align-center has-custom-10-font-size\" style=\"font-style:normal;font-weight:500\">Tu\u00e4ivvap, \u0161to vu\u00e4ss\u00f5\u00f5\u0111ak S\u00e4\u00e4\u02b9m \u01e9i\u00f5li ne\u00e4\u02b9ttel hervvai \u0161\u00f5ddm\u00f5\u00f5\u017e\u017eid, ju\u02b9n-a fyysla\u017e le\u02b9be digitaal\u02bcla\u017e \u0161\u00f5ddm\u00f5\u00f5\u017e\u017eid.<\/p>\n<\/div>\n\n\n\n<figure class=\"wp-block-image size-large\"><img loading=\"lazy\" decoding=\"async\" width=\"1024\" height=\"680\" src=\"https:\/\/giellavahkku.org\/wp-content\/uploads\/2023\/10\/manaidgarddithvit-uten-tekst-lysere-1024x680.jpg\" alt=\"\" class=\"wp-image-5761\" srcset=\"https:\/\/giellavahkku.org\/wp-content\/uploads\/2023\/10\/manaidgarddithvit-uten-tekst-lysere-1024x680.jpg 1024w, https:\/\/giellavahkku.org\/wp-content\/uploads\/2023\/10\/manaidgarddithvit-uten-tekst-lysere-300x199.jpg 300w, https:\/\/giellavahkku.org\/wp-content\/uploads\/2023\/10\/manaidgarddithvit-uten-tekst-lysere-768x510.jpg 768w, https:\/\/giellavahkku.org\/wp-content\/uploads\/2023\/10\/manaidgarddithvit-uten-tekst-lysere-1536x1020.jpg 1536w, https:\/\/giellavahkku.org\/wp-content\/uploads\/2023\/10\/manaidgarddithvit-uten-tekst-lysere.jpg 2048w\" sizes=\"auto, (max-width: 1024px) 100vw, 1024px\" \/><\/figure>\n\n\n\n<div class=\"wp-block-group alignwide is-layout-grid wp-container-core-group-is-layout-211d2e0c wp-block-group-is-layout-grid\"><a\nhref=\"https:\/\/giellavahkku.org\/om-uken\/10-tips-til-barnehager\/\"\ndata-block-name=\"gnist\/link-anything\" style=\"padding-top:var(--wp--preset--spacing--72);padding-bottom:var(--wp--preset--spacing--72);padding-left:var(--wp--preset--spacing--48);padding-right:var(--wp--preset--spacing--48);\" class=\"gc-link-anything alignwide wp-block-gnist-link-anything has-background has-blush-background-color is-layout-flow wp-block-gnist-link-anything-is-layout-flow\" aria-label=\"Go to https:\/\/giellavahkku.org\/om-uken\/10-tips-til-barnehager\/\">\n\t\n\n<h3 class=\"wp-block-heading has-text-align-center has-condensed-bold-font-family has-custom-1-font-size\" style=\"margin-top:var(--wp--preset--spacing--16);margin-bottom:var(--wp--preset--spacing--16);letter-spacing:0px;line-height:1\">Pei\u02b9vvp\u00f5\u00f5rtid<\/h3>\n\n<\/a>\n\n\n<a\nhref=\"https:\/\/giellavahkku.org\/om-uken\/10-tips-til-skoler\/\"\ndata-block-name=\"gnist\/link-anything\" style=\"padding-top:var(--wp--preset--spacing--72);padding-bottom:var(--wp--preset--spacing--72);padding-left:var(--wp--preset--spacing--48);padding-right:var(--wp--preset--spacing--48);\" class=\"gc-link-anything alignwide wp-block-gnist-link-anything has-background has-blush-background-color is-layout-flow wp-block-gnist-link-anything-is-layout-flow\" aria-label=\"Go to https:\/\/giellavahkku.org\/om-uken\/10-tips-til-skoler\/\">\n\t\n\n<h3 class=\"wp-block-heading has-text-align-center has-condensed-bold-font-family has-custom-1-font-size\" style=\"margin-top:var(--wp--preset--spacing--16);margin-bottom:var(--wp--preset--spacing--16);letter-spacing:0px;line-height:1\">\u0160kooul<\/h3>\n\n<\/a>\n\n\n<a\nhref=\"https:\/\/giellavahkku.org\/om-uken\/10-tips-til-bedrifter-og-institusjoner\/\"\ndata-block-name=\"gnist\/link-anything\" style=\"padding-top:var(--wp--preset--spacing--72);padding-bottom:var(--wp--preset--spacing--72);padding-left:var(--wp--preset--spacing--48);padding-right:var(--wp--preset--spacing--48);\" class=\"gc-link-anything alignwide wp-block-gnist-link-anything has-background has-blush-background-color is-layout-flow wp-block-gnist-link-anything-is-layout-flow\" aria-label=\"Go to https:\/\/giellavahkku.org\/om-uken\/10-tips-til-bedrifter-og-institusjoner\/\">\n\t\n\n<h3 class=\"wp-block-heading has-text-align-center has-condensed-bold-font-family has-custom-1-font-size\" style=\"margin-top:var(--wp--preset--spacing--16);margin-bottom:var(--wp--preset--spacing--16);letter-spacing:0px;line-height:1\">P\u00f5rgg\u00e2z da instituutio<\/h3>\n\n<\/a>\n<\/div>\n\n\n\n<div class=\"wp-block-group alignwide has-honey-background-color has-background is-layout-flow wp-block-group-is-layout-flow\" style=\"padding-top:var(--wp--preset--spacing--72);padding-right:var(--wp--preset--spacing--72);padding-bottom:var(--wp--preset--spacing--72);padding-left:var(--wp--preset--spacing--72);font-style:normal;font-weight:500\">\n<p class=\"has-text-align-center has-sizing-medium has-custom-2-font-size\">\u01e8ee\u02b9rjet s\u00e4\u00e4\u02b9m\u01e9i\u00f5\u02b9lle sosiaal\u02bcla\u017e mediast obb ne\u00e4\u02b9ttelp\u00e2\u00e2\u02b9j, da puu\u02b9t ton \u0161e mij k\u00e5\u02b9ll\u01e9i\u00f5lid ku\u00e2sttjee\u02b9jen.<\/p>\n\n\n\n<p class=\"has-text-align-center has-sizing-medium has-custom-2-font-size\">Si\u00e2zzt\u00f5\u00f5ll\u00e2p \u01e9i\u00f5\u010d\u010d\u00e2d prograamm, \u0161to kaaunak j\u00e4\u02b9rjstum \u0161\u00f5ddm\u00f5\u00f5\u017e\u017eid tuu \u00e2lddsin. V\u00e4\u00e4\u02b9ld \u00f5httvu\u00f5\u0111 tuu \u00e2\u00e2ldm\u00f5s \u01e9i\u00f5llk\u00f5\u00f5sk\u00f5\u02b9sse da k\u00f5\u00f5jj see\u02b9st vie\u02b9\u01e9\u01e9, \u0161to kaaunak \u01e9i\u00f5llne\u00e4\u02b9ttel \u0161\u00f5ddm\u00f5\u00f5\u017e\u017eid. <\/p>\n\n\n\n<p class=\"has-text-align-center has-sizing-medium has-custom-2-font-size\">Si\u00e2zzt\u00f5\u00f5ll\u00e2p \u0161e seu\u02b9rrjed S\u00e4\u00e4\u02b9m \u01e9i\u00f5li ne\u00e4\u02b9ttel Facebook-seeid \u201cGiellavahkku\/ G\u00efelev\u00e5hkoe\/ Giellavahkko\/ Samisk spr\u00e5kuke\u201d, ko\u02b9st vu\u00e4inak obb S\u00e4\u00e4\u02b9mj\u00e2nnam o\u0111\u0111sid. S\u00e4\u00e4\u02b9m \u01e9i\u00f5li ne\u00e4\u02b9ttlest lij \u0161e jii\u02b9jjes Instagram \u201cgiellavahkku\u201d, ko\u02b9st \u00f5lmst\u00e2\u00e2\u02b9ttet fii\u02b9lmid, kaartid da o\u0111\u0111sid ne\u00e4\u02b9ttelp\u00e2\u00e2\u02b9j.<\/p>\n<\/div>\n\n\n\n<p class=\"has-sizing-medium\"><\/p>\n\n\n\n<div class=\"wp-block-cover is-light\"><img decoding=\"async\" class=\"wp-block-cover__image-background wp-image-993 size-full\" alt=\"10\/20 Bago skjermbilde\" src=\"https:\/\/giellavahkku.org\/wp-content\/uploads\/2021\/10\/bago.png\" data-object-fit=\"cover\"\/><span aria-hidden=\"true\" class=\"wp-block-cover__background has-background-dim\" style=\"background-color:#c3b4cc\"><\/span><div class=\"wp-block-cover__inner-container is-layout-constrained wp-block-cover-is-layout-constrained\">\n<div class=\"wp-block-buttons is-content-justification-center is-layout-flex wp-container-core-buttons-is-layout-a89b3969 wp-block-buttons-is-layout-flex\">\n<div class=\"wp-block-button\"><a class=\"wp-block-button__link wp-element-button\">\u01e8i\u00f5lltu\u00e2jjne\u00e4vv<\/a><\/div>\n<\/div>\n<\/div><\/div>\n\n\n\n<p><\/p>\n","protected":false},"excerpt":{"rendered":"<p>\u01e8ee\u02b9rjet s\u00e4\u00e4\u02b9m\u01e9i\u00f5\u02b9lle sosiaal\u02bcla\u017e mediast obb ne\u00e4\u02b9ttelp\u00e2\u00e2\u02b9j, da puu\u02b9t ton \u0161e mij k\u00e5\u02b9ll\u01e9i\u00f5lid ku\u00e2sttjee\u02b9jen. Si\u00e2zzt\u00f5\u00f5ll\u00e2p \u01e9i\u00f5\u010d\u010d\u00e2d prograamm, \u0161to kaaunak j\u00e4\u02b9rjstum \u0161\u00f5ddm\u00f5\u00f5\u017e\u017eid tuu \u00e2lddsin. V\u00e4\u00e4\u02b9ld \u00f5httvu\u00f5\u0111 tuu \u00e2\u00e2ldm\u00f5s \u01e9i\u00f5llk\u00f5\u00f5sk\u00f5\u02b9sse da k\u00f5\u00f5jj see\u02b9st vie\u02b9\u01e9\u01e9, \u0161to kaaunak \u01e9i\u00f5llne\u00e4\u02b9ttel \u0161\u00f5ddm\u00f5\u00f5\u017e\u017eid. Si\u00e2zzt\u00f5\u00f5ll\u00e2p \u0161e seu\u02b9rrjed S\u00e4\u00e4\u02b9m \u01e9i\u00f5li ne\u00e4\u02b9ttel Facebook-seeid \u201cGiellavahkku\/ G\u00efelev\u00e5hkoe\/ Giellavahkko\/ Samisk spr\u00e5kuke\u201d, ko\u02b9st vu\u00e4inak obb S\u00e4\u00e4\u02b9mj\u00e2nnam o\u0111\u0111sid. S\u00e4\u00e4\u02b9m \u01e9i\u00f5li ne\u00e4\u02b9ttlest [&hellip;]<\/p>\n","protected":false},"author":85,"featured_media":0,"parent":0,"menu_order":0,"comment_status":"closed","ping_status":"closed","template":"wp-custom-template-side-banner","meta":{"_acf_changed":false,"footnotes":""},"class_list":["post-9824","page","type-page","status-publish","hentry"],"acf":[],"_links":{"self":[{"href":"https:\/\/giellavahkku.org\/sms\/wp-json\/wp\/v2\/pages\/9824","targetHints":{"allow":["GET"]}}],"collection":[{"href":"https:\/\/giellavahkku.org\/sms\/wp-json\/wp\/v2\/pages"}],"about":[{"href":"https:\/\/giellavahkku.org\/sms\/wp-json\/wp\/v2\/types\/page"}],"author":[{"embeddable":true,"href":"https:\/\/giellavahkku.org\/sms\/wp-json\/wp\/v2\/users\/85"}],"replies":[{"embeddable":true,"href":"https:\/\/giellavahkku.org\/sms\/wp-json\/wp\/v2\/comments?post=9824"}],"version-history":[{"count":3,"href":"https:\/\/giellavahkku.org\/sms\/wp-json\/wp\/v2\/pages\/9824\/revisions"}],"predecessor-version":[{"id":9964,"href":"https:\/\/giellavahkku.org\/sms\/wp-json\/wp\/v2\/pages\/9824\/revisions\/9964"}],"wp:attachment":[{"href":"https:\/\/giellavahkku.org\/sms\/wp-json\/wp\/v2\/media?parent=9824"}],"curies":[{"name":"wp","href":"https:\/\/api.w.org\/{rel}","templated":true}]}}